46?
6
What is the ten thousands digit of 291131?
9
What is the tens digit of 230916?
1
What is the thousands digit of 175659?
5
What is the ten millions digit of 19198806?
1
What is the ten thousands digit of 910748?
1
What is the thousands digit of 15578?
5
What is the ten thousands digit of 209082?
0
What is the units digit of 84650?
0
What is the thousands digit of 299962?
9
What is the hundred thousands digit of 125808?
1
What is the ten thousands digit of 19889?
1
What is the hundred thousands digit of 6492027?
4
What is the thousands digit of 653264?
3
What is the units digit of 80326?
6
What is the ten thousands digit of 4689998?
8
What is the tens digit of 558724?
2
What is the ten thousands digit of 268438?
6
What is the tens digit of 133044?
4
What is the thousands digit of 68551?
8
What is the tens digit of 896670?
7
What is the millions digit of 2344688?
2
What is the ten thousands digit of 2003508?
0
What is the tens digit of 1892469?
6
What is the thousands digit of 192339?
2
What is the thousands digit of 3081587?
1
What is the hundred thousands digit of 2620629?
6
What is the tens digit of 155067?
6
What is the hundred thousands digit of 1243701?
2
What is the ten thousands digit of 2200562?
0
What is the hundred thousands digit of 4493501?
4
What is the units digit of 159609?
9
What is the ten thousands digit of 12814894?
1
What is the hundred thousands digit of 944730?
9
What is the hundred thousands digit of 1044069?
0
What is the ten thousands digit of 2573984?
7
What is the hundred thousands digit of 114045?
1
What is the units digit of 78333?
3
What is the hundreds digit of 5007398?
3
What is the thousands digit of 608198?
8
What is the ten thousands digit of 336978?
3
What is the hundreds digit of 26766?
7
What is the thousands digit of 2552311?
2
What is the thousands digit of 13716571?
6
What is the thousands digit of 1450595?
0
What is the hundred thousands digit of 167393?
1
What is the units digit of 23981332?
2
What is the hundreds digit of 1840257?
2
What is the hundreds digit of 27148849?
8
What is the ten thousands digit of 6309634?
0
What is the hundred thousands digit of 5004936?
0
What is the hundreds digit of 449969?
9
What is the ten thousands digit of 471548?
7
What is the tens digit of 322706?
0
What is the ten thousands digit of 585214?
8
What is the units digit of 715375?
5
What is the units digit of 68860?
0
What is the hundred thousands digit of 546254?
5
What is the hundred thousands digit of 2858270?
8
What is the ten thousands digit of 159634?
5
What is the tens digit of 4824402?
0
What is the thousands digit of 681183?
1
What is the hundreds digit of 175555?
5
What is the hundred thousands digit of 1211329?
2
What is the units digit of 1225677?
7
What is the units digit of 278166?
6
What is the millions digit of 1652353?
1
What is the ten thousands digit of 69770?
6
What is the thousands digit of 3629?
3
What is the ten thousands digit of 9215061?
1
What is the hundreds digit of 625856?
8
What is the ten millions digit of 28469397?
2
What is the millions digit of 1283421?
1
What is the hundreds digit of 1326270?
2
What is the hundreds digit of 892?
8
What is the ten thousands digit of 369064?
6
What is the hundred thousands digit of 602302?
6
What is the thousands digit of 780834?
0
What is the hundreds digit of 200763?
7
What is the hundreds digit of 2659944?
9
What is the units digit of 8288?
8
What is the tens digit of 4670201?
0
What is the ten thousands digit of 499458?
9
What is the hundred thousands digit of 571666?
5
What is the tens digit of 1061984?
8
What is the units digit of 136109?
9
What is the hundreds digit of 2127655?
6
What is the hundred thousands digit of 385138?
3
What is the thousands digit of 7614262?
4
What is the hundred thousands digit of 393334?
3
What is the tens digit of 65057?
5
What is the ten thousands digit of 19349?
1
What is the ten thousands digit of 468704?
6
What is the millions digit of 1030988?
1
What is the units digit of 366509?
9
What is the hundred thousands digit of 177985?
1
What is the thousands digit of 304684?
4
What is the tens digit of 277549?
4
What is the units digit of 254406?
6
What is the hundreds digit of 15508437?
4
What is the ten thousands digit of 1085793?
8
What is the ten millions digit of 14631479?
1
What is the millions digit of 6083825?
6
What is the units digit of 782704?
4
What is the hundred thousands digit of 19165927?
1
What is the ten thousands digit of 14744274?
4
What is the units digit of 1017522?
2
What is the tens digit of 4586528?
2
What is the ten thousands digit of 142072?
4
What is the hundreds digit of 203786?
7
What is the thousands digit of 256508?
6
What is the tens digit of 9175520?
2
What is the tens digit of 5408215?
1
What is the ten millions digit of 10151486?
1
What is the hundreds digit of 97949?
9
What is the hundred thousands digit of 1833511?
8
What is the hundreds digit of 294722?
7
What is the hundreds digit of 615754?
7
What is the ten thousands digit of 4838518?
3
What is the millions digit of 1762410?
1
What is the hundred thousands digit of 1029907?
0
What is the hundred thousands digit of 38893738?
8
What is the ten thousands digit of 661775?
6
What is the hundreds digit of 486595?
5
What is the ten thousands digit of 23200627?
0
What is the ten thousands digit of 4713816?
1
What is the tens digit of 349965?
6
What is the ten thousands digit of 51706?
5
What is the units digit of 326413?
3
What is the hundreds digit of 91084?
0
What is the hundred thousands digit of 1611593?
6
What is the thousands digit of 251565?
1
What is the thousands digit of 77974?
7
What is the hundreds digit of 546676?
6
What is the tens digit of 20585721?
2
What is the ten thousands digit of 10066?
1
What is the hundreds digit of 1281717?
7
What is the ten thousands digit of 23085329?
8
What is the ten thousands digit of 96385?
9
What is the thousands digit of 78190?
8
What is the hundreds digit of 57685?
6
What is the thousands digit of 3659378?
9
What is the ten thousands digit of 493815?
9
What is the tens digit of 8095878?
7
What is the ten millions digit of 26911272?
2
What is the hundreds digit of 160341?
3
What is the thousands digit of 329406?
9
What is the hundreds digit of 2753794?
7
What is the tens digit of 6408159?
5
What is the tens digit of 162065?
6
What is the millions digit of 4432576?
4
What is the thousands digit of 2229515?
9
What is the hundreds digit of 15621253?
2
What is the tens digit of 810948?
4
What is the hundreds digit of 2429723?
7
What is the hundreds digit of 4630746?
7
What is the ten thousands digit of 85400?
8
What is the hundreds digit of 801014?
0
What is the ten thousands digit of 1783583?
8
What is the ten thousands digit of 12108667?
0
What is the hundred thousands digit of 3184349?
1
What is the hundreds digit of 154630?
6
What is the hundred thousands digit of 2784527?
7
What is the ten thousands digit of 20744647?
4
What is the thousands digit of 2572346?
2
What is the units digit of 161719?
9
What is the ten thousands digit of 267813?
6
What is the units digit of 25110812?
2
What is the hundreds digit of 483693?
6
What is the thousands digit of 3624301?
4
What is the units digit of 1581916?
6
What is the units digit of 284883?
3
What is the ten millions digit of 11597378?
1
What is the ten thousands digit of 6045362?
4
What is the units digit of 3971841?
1
What is the thousands digit of 578212?
8
What is the hundreds digit of 206501?
5
What is the thousands digit of 242210?
2
What is the hundred thousands digit of 237686?
2
What is the hundreds digit of 7808408?
4
What is the thousands digit of 56763?
6
What is the tens digit of 809791?
9
What is the units digit of 165558?
8
What is the ten thousands digit of 1400146?
0
What is the units digit of 170725?
5
What is the millions digit of 10075270?
0
What is the tens digit of 297285?
8
What is the tens digit of 4548569?
6
What is the hundreds digit of 516828?
8
What is the millions digit of 18520605?
8
What is the hundred thousands digit of 405911?
4
What is the hundred thousands digit of 310318?
3
What is the units digit of 176684?
4
What is the thousands digit of 139793?
9
What is the tens digit of 191420?
2
What is the u